ivisor of 39 and 481.
13
What is the highest common factor of 80 and 5?
5
Calculate the greatest common divisor of 42 and 1239.
21
Calculate the greatest common divisor of 585 and 15.
15
Calculate the greatest common factor of 22 and 253.
11
What is the highest common factor of 16 and 1424?
16
What is the greatest common factor of 2093 and 117?
13
What is the greatest common divisor of 1590 and 405?
15
What is the highest common factor of 11186 and 238?
238
What is the highest common factor of 84 and 36?
12
What is the highest common divisor of 34 and 867?
17
Calculate the greatest common divisor of 203 and 28.
7
What is the greatest common divisor of 12 and 11136?
12
What is the highest common factor of 192 and 15?
3
What is the highest common factor of 23 and 8579?
23
Calculate the greatest common factor of 36 and 12.
12
What is the greatest common factor of 66 and 6?
6
What is the highest common divisor of 34 and 2176?
34
What is the highest common divisor of 2299 and 817?
19
What is the greatest common factor of 403 and 13?
13
What is the highest common factor of 177 and 767?
59
What is the greatest common divisor of 76 and 646?
38
Calculate the greatest common divisor of 390 and 507.
39
What is the greatest common divisor of 266 and 494?
38
Calculate the greatest common factor of 40 and 13700.
20
What is the highest common factor of 22 and 9526?
22
What is the greatest common factor of 2464 and 168?
56
Calculate the highest common factor of 470 and 20.
10
What is the highest common divisor of 536 and 3350?
134
Calculate the greatest common factor of 12 and 48684.
12
Calculate the greatest common factor of 238 and 68.
34
What is the greatest common factor of 1200 and 48?
48
What is the highest common factor of 172 and 27004?
172
What is the highest common divisor of 22 and 176?
22
Calculate the highest common factor of 906 and 12.
6
Calculate the highest common divisor of 6 and 6738.
6
What is the highest common divisor of 15 and 20?
5
What is the highest common divisor of 1148 and 84?
28
What is the highest common divisor of 136 and 6494?
34
Calculate the highest common divisor of 374 and 11.
11
What is the highest common divisor of 12 and 12?
12
What is the greatest common factor of 7196 and 8?
4
Calculate the highest common factor of 182 and 91.
91
Calculate the highest common divisor of 4188 and 12.
12
Calculate the greatest common factor of 5550 and 6.
6
What is the highest common divisor of 513 and 45?
9
What is the greatest common divisor of 16 and 3?
1
What is the greatest common divisor of 20 and 100?
20
What is the highest common factor of 84 and 231?
21
Calculate the greatest common factor of 33 and 77.
11
Calculate the highest common factor of 3483 and 258.
129
What is the greatest common factor of 212 and 265?
53
What is the greatest common divisor of 253 and 299?
23
Calculate the highest common divisor of 84 and 2492.
28
Calculate the highest common divisor of 32 and 216.
8
Calculate the greatest common divisor of 1333 and 43.
43
Calculate the greatest common factor of 2363 and 119.
17
What is the greatest common divisor of 493 and 51?
17
What is the greatest common factor of 522 and 58?
58
Calculate the highest common divisor of 38 and 950.
38
Calculate the highest common divisor of 429 and 363.
33
What is the greatest common factor of 125 and 100?
25
What is the highest common factor of 1190 and 4403?
119
What is the greatest common factor of 448 and 5124?
28
Calculate the greatest common factor of 7 and 791.
7
What is the greatest common factor of 290 and 310?
10
What is the greatest common factor of 82 and 1189?
41
What is the highest common factor of 2628 and 1606?
146
What is the highest common divisor of 342 and 7296?
114
What is the greatest common divisor of 319 and 58?
29
What is the highest common factor of 28 and 3052?
28
What is the highest common factor of 29 and 551?
29
Calculate the greatest common divisor of 4662 and 84.
42
Calculate the greatest common factor of 48 and 72.
24
What is the highest common factor of 1357 and 118?
59
What is the greatest common factor of 108 and 92?
4
What is the greatest common factor of 24 and 632?
8
What is the greatest common divisor of 5150 and 50?
50
What is the highest common factor of 26 and 234?
26
Calculate the highest common factor of 14483 and 14.
7
Calculate the greatest common divisor of 99 and 517.
11
Calculate the highest common factor of 24 and 420.
12
Calculate the greatest common factor of 2370 and 165.
15
What is the greatest common divisor of 12139 and 61?
61
Calculate the greatest common divisor of 279 and 2201.
31
What is the greatest common factor of 1635 and 15?
15
Calculate the highest common divisor of 855 and 45.
45
Calculate the highest common divisor of 608 and 19.
19
Calculate the greatest common divisor of 1859 and 44.
11
Calculate the greatest common factor of 377 and 26.
13
What is the greatest common divisor of 304 and 18?
2
Calculate the greatest common divisor of 1131 and 319.
29
What is the greatest common factor of 22 and 2?
2
What is the highest common divisor of 336 and 798?
42
Calculate the greatest common divisor of 128 and 272.
16
What is the greatest common factor of 52 and 2496?
52
What is the greatest common divisor of 7 and 49?
7
What is the highest common factor of 36 and 204?
12
What is the greatest common factor of 16279 and 73?
73
Calculate the greatest common factor of 232 and 2755.
29
Calculate the greatest common factor of 53387 and 271.
271
Calculate the greatest common factor of 15 and 375.
15
What is the highest common divisor of 1169 and 1002?
167
Calculate the greatest common divisor of 7252 and 74.
74
What is the highest common factor of 40793 and 19?
19
Calculate the greatest common divisor of 195 and 225.
15
Calculate the greatest common divisor of 20025 and 5.
5
What is the greatest common divisor of 936 and 72?
72
What is the greatest common divisor of 72 and 4248?
72
Calculate the highest common divisor of 70 and 1085.
35
What is the highest common factor of 275 and 11?
11
Calculate the highest common divisor of 3277 and 464.
29
Calculate the highest common factor of 7140 and 153.
51
What is the highest common factor of 21 and 259?
7
Calculate the greatest common divisor of 190 and 40.
10
What is the greatest common divisor of 162 and 216?
54
What is the highest common factor of 25 and 105?
5
Calculate the highest common divisor of 3091 and 99.
11
Calculate the greatest common divisor of 365 and 1971.
73
Calculate the highest common factor of 48 and 696.
24
Calculate the highest common divisor of 21 and 1548.
3
Calculate the highest common divisor of 16107 and 118.
59
Calculate the greatest common divisor of 42 and 1407.
21
Calculate the greatest common factor of 84 and 32004.
84
Calculate the greatest common factor of 432 and 270.
54
What is the highest common factor of 4104 and 27?
27
What is the greatest common factor of 180 and 140?
20
Calculate the greatest common divisor of 127 and 1143.
127
What is the greatest common factor of 576 and 640?
64
Calculate the highest common divisor of 1608 and 16.
8
Calculate the greatest common divisor of 1825 and 275.
25
Calculate the highest common divisor of 777 and 4144.
259
What is the greatest common divisor of 2300 and 3105?
115
Calculate the highest common factor of 355 and 18318.
71
Calculate the greatest common factor of 136 and 2856.
136
What is the greatest common factor of 825 and 50?
25
What is the highest common divisor of 112 and 476?
28
Calculate the greatest common divisor of 644 and 28.
28
Calculate the highest common factor of 237 and 6.
3
What is the highest common divisor of 39 and 117?
39
Calculate the highest common factor of 40 and 7460.
20
What is the highest common factor of 16 and 616?
8
What is the highest common divisor of 27524 and 28?
28
What is the highest common factor of 16 and 12188?
4
What is the greatest common factor of 221 and 377?
13
What is the highest common factor of 176 and 112?
16
What is the highest common factor of 18 and 2196?
18
Calculate the greatest common factor of 240 and 96.
48
What is the highest common factor of 57 and 18?
3
Calculate the highest common divisor of 458 and 52441.
229
Calculate the greatest common fa